 are the prime factors of 2379521232?
2, 3, 11, 500741
List the prime factors of 929057036.
2, 10429, 22271
What are the prime factors of 681757444?
2, 23, 53, 89, 1571
What are the prime factors of 312573268?
2, 7, 59, 431, 439
What are the prime factors of 20030825?
5, 101, 7933
What are the prime factors of 23657585?
5, 7, 675931
List the prime factors of 489938463.
3, 7, 853, 1013
What are the prime factors of 4602724490?
2, 5, 7, 13, 971, 5209
List the prime factors of 1271426581.
271, 557, 8423
List the prime factors of 1317534385.
5, 19, 41, 338263
List the prime factors of 58729734.
2, 3, 7, 66587
List the prime factors of 74109810.
2, 3, 5, 2470327
What are the prime factors of 6217911291?
3, 19, 73, 78649
List the prime factors of 94378910.
2, 5, 1223, 7717
List the prime factors of 157426139.
13, 43, 281621
What are the prime factors of 1275024145?
5, 255004829
List the prime factors of 163774838.
2, 17, 4816907
List the prime factors of 145187580.
2, 3, 5, 2419793
What are the prime factors of 430285483?
659, 652937
List the prime factors of 3257696647.
163, 19985869
What are the prime factors of 76165106?
2, 59, 645467
What are the prime factors of 14223822?
2, 3, 53, 44729
List the prime factors of 941626672.
2, 7, 8407381
What are the prime factors of 383190647?
7, 107, 511603
List the prime factors of 1014627447.
3, 112736383
What are the prime factors of 631441115?
5, 17, 1669, 4451
What are the prime factors of 94745797?
709, 133633
List the prime factors of 137456945.
5, 31, 886819
What are the prime factors of 167112112?
2, 23, 454109
What are the prime factors of 588548712?
2, 3, 19, 137, 9421
What are the prime factors of 133866808?
2, 23, 71, 10247
List the prime factors of 667828426.
2, 333914213
List the prime factors of 51751843.
11, 13, 361901
List the prime factors of 181883628.
2, 3, 101, 50023
What are the prime factors of 375894066?
2, 3, 62649011
What are the prime factors of 1107077631?
3, 11, 73, 181, 2539
What are the prime factors of 1709923329?
3, 189991481
List the prime factors of 885774041.
25747, 34403
What are the prime factors of 1963456484?
2, 11, 29, 1039, 1481
What are the prime factors of 1383534909?
3, 73, 2105837
List the prime factors of 54693244.
2, 53, 257987
List the prime factors of 31152141.
3, 83, 13901
List the prime factors of 4698301.
19, 247279
List the prime factors of 45786161.
277, 165293
List the prime factors of 1630913105.
5, 17, 59, 313, 1039
What are the prime factors of 196325586?
2, 3, 79, 46021
What are the prime factors of 293637181?
311, 601, 1571
What are the prime factors of 720635475?
3, 5, 7, 41, 33479
List the prime factors of 29932536.
2, 3, 1247189
What are the prime factors of 17341296?
2, 3, 7, 73, 101
What are the prime factors of 1878208391?
1931, 972661
List the prime factors of 208398016.
2, 1669, 1951
What are the prime factors of 1795990?
2, 5, 7, 25657
What are the prime factors of 917082468?
2, 3, 25474513
What are the prime factors of 94580527?
94580527
List the prime factors of 1088628330.
2, 3, 5, 241, 150571
List the prime factors of 19974832.
2, 1248427
List the prime factors of 99206919.
3, 7, 4591
What are the prime factors of 6711868289?
7, 83, 11552269
List the prime factors of 3514626136.
2, 7, 23, 457, 853
What are the prime factors of 811002992?
2, 19, 419, 6367
What are the prime factors of 1302253231?
1109, 1174259
List the prime factors of 790461204.
2, 3, 13, 1289, 3931
What are the prime factors of 503523462?
2, 3, 13, 29, 222601
List the prime factors of 25027947.
3, 7, 37, 1193
What are the prime factors of 10574837?
7, 13, 1277
What are the prime factors of 73497146?
2, 36748573
What are the prime factors of 53794990?
2, 5, 5379499
What are the prime factors of 74206249?
13, 5708173
What are the prime factors of 71199134?
2, 2281, 15607
List the prime factors of 13053879.
3, 161159
What are the prime factors of 23170077?
3, 7, 43, 2851
List the prime factors of 5731295791.
13, 440868907
What are the prime factors of 306564158?
2, 233, 657863
What are the prime factors of 479750428?
2, 10141, 11827
List the prime factors of 4937025841.
11, 47, 9549373
List the prime factors of 353651281.
41, 8625641
What are the prime factors of 939240505?
5, 7, 41, 67, 9769
What are the prime factors of 4654204285?
5, 37, 25157861
What are the prime factors of 91650390?
2, 3, 5, 13, 18077
List the prime factors of 97866548.
2, 13, 144773
What are the prime factors of 1222660370?
2, 5, 2213, 55249
What are the prime factors of 4579835233?
23, 109, 1826819
What are the prime factors of 14106821?
17, 829813
List the prime factors of 7957396543.
7957396543
List the prime factors of 7086424787.
13, 545109599
List the prime factors of 86511632.
2, 5406977
List the prime factors of 877376817.
3, 17, 29, 197741
What are the prime factors of 732150389?
19, 107, 149, 2417
What are the prime factors of 6117023333?
2477, 2469529
What are the prime factors of 2014576309?
487, 4136707
List the prime factors of 74650683.
3, 4597, 5413
What are the prime factors of 394669486?
2, 10709, 18427
List the prime factors of 7083908472.
2, 3, 19, 15534887
What are the prime factors of 40422904?
2, 5052863
What are the prime factors of 6363790548?
2, 3, 14629, 36251
What are the prime factors of 62149642?
2, 2539, 12239
What are the prime factors of 51799674?
2, 3, 8633279
What are the prime factors of 51647602?
2, 61, 423341
What are the prime factors of 1041666888?
2, 3, 4397, 9871
What are the prime factors of 79964946?
2, 3, 457, 9721
What are the prime factors of 156505161?
3, 52168387
What are the prime factors of 922191256?
2, 7, 23, 37, 523
What are the prime factors of 135429447?
3, 71, 103, 6173
What are the prime factors of 4102218154?
2, 33757, 60761
List the prime factors of 40287497.
3169, 12713
What are the prime factors of 19246610?
2, 5, 1924661
What are the prime factors of 23295299?
23295299
List the prime factors of 1568653351.
31, 50601721
What are the prime factors of 1044557477?
1044557477
What are the prime factors of 3341312797?
283, 11806759
List the prime factors of 1006672750.
2, 5, 59, 139, 491
List the prime factors of 85131589.
85131589
List the prime factors of 285564178.
2, 142782089
What are the prime factors of 55551549?
3, 457, 40519
What are the prime factors of 3522372500?
2, 5, 691, 2039
What are the prime factors of 320925127?
181, 1773067
What are the prime factors of 24208401?
3, 7, 164683
What are the prime factors of 108082717?
108082717
What are the prime factors of 52966764?
2, 3, 17, 1697
What are the prime factors of 5226316?
2, 683, 1913
What are the prime factors of 184586775?
3, 5, 653, 3769
What are the prime factors of 629678495?
5, 125935699
What are the prime factors of 3097611097?
7, 19, 59, 56393
What are the prime factors of 69282673?
83, 89, 113
List the prime factors of 366016514.
2, 183008257
List the prime factors of 730103982.
2, 3, 121683997
What are the prime factors of 2106766544?
2, 1301, 101209
What are the prime factors of 218357842?
2, 19, 317, 18127
What are the prime factors of 175270125?
3, 5, 31, 15077
List the prime factors of 52576889.
37, 139, 10223
List the prime factors of 563123053.
23, 24483611
What are the prime factors of 74258938?
2, 13, 83, 2647
What are the prime factors of 33870805?
5, 173, 39157
What are the prime factors of 6743039?
523, 12893
List the prime factors of 820477546.
2, 7, 58605539
What are the prime factors of 4165077445?
5, 67, 12433067
List the prime factors of 72405440.
2, 5, 226267
What are the prime factors of 74462912?
2, 1163483
List the prime factors of 190431924.
2, 3, 15869327
What are the prime factors of 852196583?
7, 17391767
What are the prime factors of 377446528?
2, 61, 48341
What are the prime factors of 9523100?
2, 5, 95231
What are the prime factors of 14698337?
643, 22859
What are the prime factors of 1096268860?
2, 5, 54813443
List the prime factors of 811439049.
3, 71, 139, 27407
What are the prime factors of 1163363143?
67, 881, 19709
What are the prime factors of 53012472?
2, 3, 2208853
List the prime factors of 277831893.
3, 92610631
List the prime factors of 71060286.
2, 3, 11, 1076671
List the prime factors of 1272846728.
2, 53, 157, 19121
List